{"id":13,"date":"2024-10-27T09:10:51","date_gmt":"2024-10-27T08:10:51","guid":{"rendered":"http:\/\/localhost\/scd_wordpress\/?page_id=13"},"modified":"2026-03-18T20:29:59","modified_gmt":"2026-03-18T19:29:59","slug":"wandern","status":"publish","type":"page","link":"https:\/\/www.sc-daisbach.de\/?page_id=13","title":{"rendered":"Wandern"},"content":{"rendered":"\n<div class=\"wp-block-buttons is-content-justification-center is-layout-flex wp-container-core-buttons-is-layout-16018d1d wp-block-buttons-is-layout-flex\">\n<div class=\"wp-block-button has-custom-width wp-block-button__width-25\"><a class=\"wp-block-button__link has-background wp-element-button\" href=\"https:\/\/www.sc-daisbach.de\/?p=301\" style=\"background-color:#c11b01\">Ansprechpartner<\/a><\/div>\n\n\n\n<div class=\"wp-block-button has-custom-width wp-block-button__width-25\"><a class=\"wp-block-button__link has-background wp-element-button\" href=\"https:\/\/www.dvv-wandern.de\/aktuelles-angebot\" style=\"background-color:#c11b01\" target=\"_blank\" rel=\"noreferrer noopener\">Termine DVV<\/a><\/div>\n<\/div>\n\n\n\n<p><\/p>\n\n\n\n<div class=\"wp-block-buttons is-content-justification-center is-layout-flex wp-container-core-buttons-is-layout-16018d1d wp-block-buttons-is-layout-flex\">\n<div class=\"wp-block-button has-custom-width wp-block-button__width-25\"><a class=\"wp-block-button__link has-background wp-element-button\" href=\"https:\/\/www.sc-daisbach.de\/?p=324\" style=\"background-color:#c11b01\">Ausschreibung IVV 2025<\/a><\/div>\n\n\n\n<div class=\"wp-block-button has-custom-width wp-block-button__width-25\"><a class=\"wp-block-button__link has-background wp-element-button\" href=\"https:\/\/www.sc-daisbach.de\/wp-content\/uploads\/2024\/10\/PW23_komplett.pdf\" style=\"background-color:#c11b01\" target=\"_blank\" rel=\"noreferrer noopener\">Permanenter Wanderweg<\/a><\/div>\n<\/div>\n\n\n\n<p><\/p>\n\n\n\n<div class=\"wp-block-buttons is-content-justification-center is-layout-flex wp-container-core-buttons-is-layout-16018d1d wp-block-buttons-is-layout-flex\">\n<div class=\"wp-block-button has-custom-width wp-block-button__width-25\"><a class=\"wp-block-button__link has-background wp-element-button\" href=\"https:\/\/www.sc-daisbach.de\/?p=327\" style=\"background-color:#c11b01\">Streckenpl\u00e4ne<\/a><\/div>\n\n\n\n<div class=\"wp-block-button has-custom-width wp-block-button__width-25\"><a class=\"wp-block-button__link has-background wp-element-button\" href=\"https:\/\/www.sc-daisbach.de\/wp-content\/uploads\/2026\/02\/26_GTW_Karfreitag.pdf\" style=\"background-color:#c11b01\" target=\"_blank\" rel=\"noreferrer noopener\">Gef\u00fchrte Tageswanderrung Karfreitag 2026<\/a><\/div>\n<\/div>\n\n\n\n<p><\/p>\n\n\n\n<h2 class=\"wp-block-heading\">Strecken der Karfreitagswanderung 2026 <\/h2>\n\n\n\n<figure class=\"wp-block-image size-large\"><img loading=\"lazy\" decoding=\"async\" width=\"1024\" height=\"725\" src=\"https:\/\/www.sc-daisbach.de\/wp-content\/uploads\/2026\/03\/Screenshot-2026-03-18-202710-1024x725.png\" alt=\"\" class=\"wp-image-1226\" srcset=\"https:\/\/www.sc-daisbach.de\/wp-content\/uploads\/2026\/03\/Screenshot-2026-03-18-202710-1024x725.png 1024w, https:\/\/www.sc-daisbach.de\/wp-content\/uploads\/2026\/03\/Screenshot-2026-03-18-202710-300x212.png 300w, https:\/\/www.sc-daisbach.de\/wp-content\/uploads\/2026\/03\/Screenshot-2026-03-18-202710-768x544.png 768w, https:\/\/www.sc-daisbach.de\/wp-content\/uploads\/2026\/03\/Screenshot-2026-03-18-202710.png 1121w\" sizes=\"auto, (max-width: 1024px) 100vw, 1024px\" \/><\/figure>\n\n\n\n<figure class=\"wp-block-image size-large\"><img loading=\"lazy\" decoding=\"async\" width=\"1024\" height=\"724\" src=\"https:\/\/www.sc-daisbach.de\/wp-content\/uploads\/2026\/03\/Screenshot-2026-03-18-202719-1024x724.png\" alt=\"\" class=\"wp-image-1227\" srcset=\"https:\/\/www.sc-daisbach.de\/wp-content\/uploads\/2026\/03\/Screenshot-2026-03-18-202719-1024x724.png 1024w, https:\/\/www.sc-daisbach.de\/wp-content\/uploads\/2026\/03\/Screenshot-2026-03-18-202719-300x212.png 300w, https:\/\/www.sc-daisbach.de\/wp-content\/uploads\/2026\/03\/Screenshot-2026-03-18-202719-768x543.png 768w, https:\/\/www.sc-daisbach.de\/wp-content\/uploads\/2026\/03\/Screenshot-2026-03-18-202719.png 1121w\" sizes=\"auto, (max-width: 1024px) 100vw, 1024px\" \/><\/figure>\n\n\n\n<figure class=\"wp-block-image size-large\"><img loading=\"lazy\" decoding=\"async\" width=\"1024\" height=\"724\" src=\"https:\/\/www.sc-daisbach.de\/wp-content\/uploads\/2026\/03\/Screenshot-2026-03-18-202731-1024x724.png\" alt=\"\" class=\"wp-image-1228\" srcset=\"https:\/\/www.sc-daisbach.de\/wp-content\/uploads\/2026\/03\/Screenshot-2026-03-18-202731-1024x724.png 1024w, https:\/\/www.sc-daisbach.de\/wp-content\/uploads\/2026\/03\/Screenshot-2026-03-18-202731-300x212.png 300w, https:\/\/www.sc-daisbach.de\/wp-content\/uploads\/2026\/03\/Screenshot-2026-03-18-202731-768x543.png 768w, https:\/\/www.sc-daisbach.de\/wp-content\/uploads\/2026\/03\/Screenshot-2026-03-18-202731.png 1121w\" sizes=\"auto, (max-width: 1024px) 100vw, 1024px\" \/><\/figure>\n\n\n\n<h2 class=\"wp-block-heading\">Werber gesucht<\/h2>\n\n\n\n<p><strong>Die Wanderabteilung des SC Daisbach organisiert wieder das beliebte Wandern in Daisbach und l\u00e4dt Sie ein zur Unterst\u00fctzung unserer Veranstaltung am 10. und 11. Oktober<\/strong><strong>&nbsp;<\/strong><strong><\/strong><\/p>\n\n\n\n<p><strong>Wir sind fr\u00fch dieses Jahr \u2013&nbsp;<u>und das aus bestimmtem Grund!<\/u><\/strong><\/p>\n\n\n\n<p>Liebe Sportfreunde&nbsp;und Sportfreundinnen, sehr geehrte Damen und Herren,<\/p>\n\n\n\n<p>nach der grandiosen 50-Jahre-Veranstaltung im letzten Jahr sprechen wir Sie fr\u00fchzeitig an und laden Sie wieder herzlich zur Unterst\u00fctzung mit hoffentlich gr\u00f6\u00dftm\u00f6glichem Werbeeffekt ein! Diese fr\u00fche Anfrage hat einen begr\u00fcndeten Zweck, denn dieses Jahr bietet sich eine Ausweitung des Verteilungszeitraumes und der Anzahl f\u00fcr unsere mehrseitigen bunt gedruckten Ausschreibungen an, in denen Ihre Werbeanzeige gerne Platz finden sollte.&nbsp;<strong>Wir m\u00f6chten n\u00e4mlich bereits ab dem 1. Mai in die Werbung starten \u2013 und zwar auf den Wandertagen unserer Wanderfreunde in Dietkirchen \u2013 ein Event, an dem bis zu 1.500 Wanderer aus den Kreisen Limburg, Weilburg, Westerwald, Rhein-Lahn, Rheingau-Taunus und dar\u00fcber hinaus erwartet werden, die es f\u00fcr uns und f\u00fcr Sie mit unserem Ausschreibungsheft zu bewerben gilt.<\/strong><\/p>\n\n\n\n<p><strong>Und genau aus diesem Grunde sprechen wir Sie fr\u00fch und rechtzeitig im Jahr an und gestatten uns, Ihnen diese schlichte Anfrage via E-Mail zu senden, mit der wir Sie um Unterst\u00fctzung durch Werbung in unserem Ausschreibungsheft bitten wollen.<\/strong><\/p>\n\n\n\n<p>Alle Leser&nbsp;k\u00f6nnen auf einfache Weise&nbsp;beworben werden.&nbsp;Mit unseren offiziellen Ausschreibungsheften er\u00f6ffnen wir Ihnen die M\u00f6glichkeit, dass Sie durch eine gezielte Anzeige auf Ihr Unternehmen aufmerksam machen und nebenbei unser aufwendiges Ehrenamt unterst\u00fctzen.<\/p>\n\n\n\n<p>Das&nbsp;Procedere&nbsp;d\u00fcrfte den meisten von Ihnen bekannt sein: Die Verteilung unserer&nbsp;<strong>auf Buntglanzpapier gedruckten Ausschreibungshefte<\/strong>&nbsp;erfolgt&nbsp;<strong>k\u00f6rperlich<\/strong>&nbsp;an Veranstaltungen im Rahmen des internationalen Volkswanderungsverbandes IVV,&nbsp;intensiviert im erweiterten Umkreis Aarbergens in Richtung Limburg und Wiesbaden bis in den Frankfurter Raum,&nbsp;sowie durch&nbsp;<strong>digitale<\/strong>&nbsp;<strong>Verteilung<\/strong>&nbsp;\u00fcber unsere Internetplattform des SCD (<a href=\"http:\/\/www.sc-daisbach.de\/\" target=\"_blank\" rel=\"noreferrer noopener\">www.sc-daisbach.de<\/a>)&nbsp;und die des Deutschen Volkswanderungsverbandes, Alt\u00f6tting (<a href=\"http:\/\/www.dvv-wandern.de\/\" target=\"_blank\" rel=\"noreferrer noopener\">www.dvv-wandern.de<\/a>).&nbsp;<strong>Gezielte Auslage in ausgesuchten Gesch\u00e4ften und Gastst\u00e4tten in und um Aarbergen<\/strong>&nbsp;und letztendlich durch&nbsp;<strong>Ver\u00f6ffentlichung der Ausschreibung auf unserer vereinseigenen Internetseite<\/strong>&nbsp;erh\u00f6hen Ihren Werbeeffekt. Ferner erlauben wir uns, Sie im Rahmen Ihrer Werbeaktion als unseren&nbsp;<strong>IVV-Partner<\/strong>&nbsp;zu benennen und \u2013sofern vorhanden\u2013 einen entsprechenden Link auf Ihre Homepage zu setzen.<\/p>\n\n\n\n<p>Und wie immer ist es bei uns gute Sitte, Ihnen an beiden Veranstaltungstagen die M\u00f6glichkeit anzubieten, die aktiven Veranstaltungsteilnehmer und sonstigen Besucher&nbsp;<strong>durch Auslage von Flyern oder anderen Werbeartikeln<\/strong>&nbsp;direkt zu bewerben. Start und Ziel ist unser sch\u00f6nes Sportlerheim&nbsp;auf dem Sportgel\u00e4nde \u201eSilberbergstadion\u201c, Am Volbertsberg 2 in Aarbergen-Daisbach.<\/p>\n\n\n\n<p><strong>Unsere Gegenleistung ist ein fein geschn\u00fcrtes Paket f\u00fcr Sie:<\/strong><strong><\/strong><\/p>\n\n\n\n<ul class=\"wp-block-list\">\n<li><strong>Werbung im Ausschreibungsheft<\/strong><\/li>\n\n\n\n<li><strong>digitale Verteilung \u00fcber die Accounts von Verein und DVV<\/strong><\/li>\n\n\n\n<li><strong>Verlinkung Ihrer Homepage auf unserer Internetseite&nbsp;<\/strong><strong>*)<\/strong><\/li>\n\n\n\n<li><strong>und schlie\u00dflich Auslage Ihrer firmeneigenen Werbeprojekte vor Ort<\/strong><\/li>\n<\/ul>\n\n\n\n<p><strong>F\u00fchlen Sie sich bitte eingeladen!&nbsp;<\/strong>Unsere Preise bleiben wie die letzten Jahre unver\u00e4ndert:<\/p>\n\n\n\n<p>eine Seite (= DIN A 5 hoch): &nbsp;&nbsp;&nbsp;&nbsp;&nbsp;&nbsp;&nbsp;&nbsp;&nbsp;&nbsp;&nbsp;&nbsp;&nbsp;&nbsp;&nbsp;&nbsp;&nbsp;&nbsp;&nbsp;&nbsp;&nbsp;&nbsp;&nbsp;&nbsp;&nbsp;&nbsp;&nbsp;&nbsp;&nbsp;&nbsp;&nbsp;&nbsp;&nbsp;&nbsp;&nbsp; 100,00 \u20ac zzgl. MwSt.<\/p>\n\n\n\n<p>halbe Seite (=DINA 6 quer): &nbsp;&nbsp;&nbsp;&nbsp;&nbsp;&nbsp;&nbsp;&nbsp;&nbsp;&nbsp;&nbsp;&nbsp; &nbsp;&nbsp;&nbsp;&nbsp;&nbsp;&nbsp;&nbsp;&nbsp;&nbsp;&nbsp;&nbsp;&nbsp;&nbsp;&nbsp;&nbsp;&nbsp;&nbsp;&nbsp;&nbsp;&nbsp;&nbsp;&nbsp;&nbsp; &nbsp;&nbsp;60,00 \u20ac zzgl. MwSt.<\/p>\n\n\n\n<p>drittel Seite (=14cm breit, 7cm hoch):&nbsp;&nbsp;&nbsp;&nbsp;&nbsp;&nbsp;&nbsp;&nbsp;&nbsp;&nbsp; &nbsp; &nbsp;&nbsp;&nbsp;&nbsp;&nbsp;&nbsp;&nbsp;&nbsp;&nbsp; &nbsp;&nbsp;40,00 \u20ac zzgl. MwSt.<\/p>\n\n\n\n<p>viertel Seite (=14cm breit, 5 cm hoch): &nbsp;&nbsp;&nbsp;&nbsp;&nbsp;&nbsp;&nbsp; &nbsp;&nbsp;&nbsp;&nbsp;&nbsp;&nbsp;&nbsp;&nbsp;&nbsp;&nbsp;&nbsp; &nbsp;&nbsp;30,00 \u20ac zzgl. MwSt.<\/p>\n\n\n\n<p>Hinweis: Es handelt sich um&nbsp;<strong>farbig<\/strong>&nbsp;bedrucktes Glanzpapier handelt. Insofern ist eine&nbsp;<strong>Buntanzeige<\/strong>&nbsp;<strong>zu pr\u00e4ferieren<\/strong>.<\/p>\n\n\n\n<p>*) Das Vorjahresmuster finden Sie unter&nbsp;<a href=\"https:\/\/www.sc-daisbach.de\/?p=324\" target=\"_blank\" rel=\"noreferrer noopener\">Ausschreibung IVV 2025 \u2013 SC 1928 Daisbach e.V.<\/a>.&nbsp;<strong>\u00dcbrigens<\/strong>: Unsere neue Webpage ist in Erstellung &#8211; wir arbeiten aktuell unter Hochdruck an einer neuen, modernen Homepage, um alle Interessierten k\u00fcnftig noch besser und \u00fcbersichtlicher \u00fcber alles Wichtige auf dem Laufenden zu halten, was beim SCD so \u201eabgeht\u201c.&nbsp;<img decoding=\"async\" alt=\"\ud83d\ude0a\" src=\"https:\/\/fonts.gstatic.com\/s\/e\/notoemoji\/16.0\/1f60a\/32.png\"><\/p>\n\n\n\n<p>Mit Ihrer Werbeanzeige unterst\u00fctzen Sie Vereinst\u00e4tigkeit und Tradition! Und&nbsp;vielleicht ist neben der potenziellen Werbewirkung unser ehrenamtlicher Einsatz f\u00fcr Sie&nbsp;schlichte&nbsp;Motivation genug, unser Wirken mit Ihrer Werbeanzeige zu honorieren. Sofern Sie sich also daf\u00fcr entscheiden, geben Sie uns bitte unter den untenstehenden Adressdaten&nbsp;per Email&nbsp;Bescheid. Wir ben\u00f6tigen dann ein Muster Ihrer Werbeanzeige, am besten als&nbsp;PDF-Datei, sofern uns ein solches in Vergangenheit noch nicht zur Verf\u00fcgung gestellt wurde. Und bitte achten Sie bei dieser Gelegenheit auf eine ausreichende Bildaufl\u00f6sung (Pixelzahl). \u00dcber Ihre Werbeanzeige erhalten Sie nat\u00fcrlich nach Druck und Verteilungsbeginn der Ausschreibungshefte eine ordnungsgem\u00e4\u00df erstellte Rechnung mit ausgewiesener Mehrwertsteuer.<\/p>\n\n\n\n<p><strong>Gestatten Sie uns zum Schluss&nbsp;<\/strong><strong>eine letzte&nbsp;BITTE: Geben Sie uns bitte eine ANTWORT auf unsere Frage, auch bei Fehlanzeige. Herzlichen Dank hierf\u00fcr!<\/strong><\/p>\n\n\n\n<p>Antworten oder gezielte R\u00fcckfragen richten Sie bitte an&nbsp;<strong><a href=\"mailto:hippo.vogel@t-online.de\" target=\"_blank\" rel=\"noreferrer noopener\">hippo.vogel@t-online.de<\/a>.<\/strong><\/p>\n\n\n\n<p>Wir freuen uns auf eine R\u00fcckmeldung von Ihnen und sage&nbsp;<strong>DANKE<\/strong>&nbsp;im Voraus!<\/p>\n\n\n\n<p>Mit sportlichen Gr\u00fc\u00dfen<\/p>\n\n\n\n<p>Ihr<\/p>\n\n\n\n<p>Sportclub 1928 Daisbach e. V.<\/p>\n\n\n\n<p>-Vorstand und Wanderabteilung-&nbsp;&nbsp;&nbsp;&nbsp;&nbsp;&nbsp;<\/p>\n\n\n\n<p>i.V. Heinz-Joachim Vogel<\/p>\n\n\n\n<p><\/p>\n","protected":false},"excerpt":{"rendered":"<p>Strecken der Karfreitagswanderung 2026 Werber gesucht Die Wanderabteilung des SC Daisbach organisiert wieder das beliebte Wandern in Daisbach und l\u00e4dt Sie ein zur Unterst\u00fctzung unserer Veranstaltung am 10. und 11. Oktober&nbsp; Wir sind fr\u00fch dieses Jahr \u2013&nbsp;und das aus bestimmtem<\/p>\n","protected":false},"author":1,"featured_media":0,"parent":0,"menu_order":0,"comment_status":"closed","ping_status":"closed","template":"","meta":{"footnotes":""},"class_list":["post-13","page","type-page","status-publish","hentry"],"_links":{"self":[{"href":"https:\/\/www.sc-daisbach.de\/index.php?rest_route=\/wp\/v2\/pages\/13","targetHints":{"allow":["GET"]}}],"collection":[{"href":"https:\/\/www.sc-daisbach.de\/index.php?rest_route=\/wp\/v2\/pages"}],"about":[{"href":"https:\/\/www.sc-daisbach.de\/index.php?rest_route=\/wp\/v2\/types\/page"}],"author":[{"embeddable":true,"href":"https:\/\/www.sc-daisbach.de\/index.php?rest_route=\/wp\/v2\/users\/1"}],"replies":[{"embeddable":true,"href":"https:\/\/www.sc-daisbach.de\/index.php?rest_route=%2Fwp%2Fv2%2Fcomments&post=13"}],"version-history":[{"count":20,"href":"https:\/\/www.sc-daisbach.de\/index.php?rest_route=\/wp\/v2\/pages\/13\/revisions"}],"predecessor-version":[{"id":1229,"href":"https:\/\/www.sc-daisbach.de\/index.php?rest_route=\/wp\/v2\/pages\/13\/revisions\/1229"}],"wp:attachment":[{"href":"https:\/\/www.sc-daisbach.de\/index.php?rest_route=%2Fwp%2Fv2%2Fmedia&parent=13"}],"curies":[{"name":"wp","href":"https:\/\/api.w.org\/{rel}","templated":true}]}}